{"id":5348,"date":"2025-11-12T18:33:07","date_gmt":"2025-11-12T21:33:07","guid":{"rendered":"https:\/\/esnaola-caba.infd.edu.ar\/sitio\/?page_id=5348"},"modified":"2025-11-12T19:16:23","modified_gmt":"2025-11-12T22:16:23","slug":"ariel-lopez-saldivar","status":"publish","type":"page","link":"https:\/\/esnaola-caba.infd.edu.ar\/sitio\/ariel-lopez-saldivar\/","title":{"rendered":"Ariel L\u00f3pez Sald\u00edvar"},"content":{"rendered":"\n<div class=\"wp-block-buttons is-layout-flex\">\n<div class=\"wp-block-button\"><a class=\"wp-block-button__link has-black-color has-vivid-cyan-blue-background-color has-text-color has-background wp-element-button\" href=\"https:\/\/ariellopezsaldivar.blogspot.com\/\" target=\"_blank\" rel=\"noreferrer noopener\">SITIO WEB DEL DOCENTE<\/a><\/div>\n<\/div>\n\n\n\n<div class=\"wp-block-media-text alignwide is-stacked-on-mobile\"><figure class=\"wp-block-media-text__media\"><img decoding=\"async\" loading=\"lazy\" width=\"1900\" height=\"1266\" src=\"https:\/\/esnaola-caba.infd.edu.ar\/sitio\/wp-content\/uploads\/2025\/11\/unnamed-1900x1266.jpg\" alt=\"\" class=\"wp-image-5349 size-full\" srcset=\"https:\/\/esnaola-caba.infd.edu.ar\/sitio\/wp-content\/uploads\/2025\/11\/unnamed-1900x1266.jpg 1900w, https:\/\/esnaola-caba.infd.edu.ar\/sitio\/wp-content\/uploads\/2025\/11\/unnamed-1000x667.jpg 1000w, https:\/\/esnaola-caba.infd.edu.ar\/sitio\/wp-content\/uploads\/2025\/11\/unnamed-768x512.jpg 768w, https:\/\/esnaola-caba.infd.edu.ar\/sitio\/wp-content\/uploads\/2025\/11\/unnamed-1536x1024.jpg 1536w, https:\/\/esnaola-caba.infd.edu.ar\/sitio\/wp-content\/uploads\/2025\/11\/unnamed-2048x1365.jpg 2048w\" sizes=\"(max-width: 1900px) 100vw, 1900px\" \/><\/figure><div class=\"wp-block-media-text__content\">\n<p><strong>Ariel L\u00f3pez Sald\u00edvar<\/strong><\/p>\n\n\n\n<p>Naci\u00f3 en Buenos Aires, Argentina; egresado del conservatorio Juan Jos\u00e9 Castro con el t\u00edtulo de Profesor Superior de Guitarra, en la c\u00e1tedra de la maestra Irma Costanzo.<br>Obtuvo el primer premio en el concurso Agust\u00edn Barrios, realizado en Paraguay.<br>Ha ofrecido recitales en importantes salas de Argentina, Chile, Uruguay, Paraguay, Brasil, Costa Rica, Bahamas, Estados Unidos, Canad\u00e1, Portugal, Espa\u00f1a, Inglaterra, Francia, Italia, Corea del Sur, Singapur, Tailandia y Jap\u00f3n.<br>Actualmente adem\u00e1s tener una gran actividad docente, continua brindando recitales.<\/p>\n<\/div><\/div>\n\n\n\n<hr class=\"wp-block-separator has-css-opacity\"\/>\n\n\n\n<div class=\"wp-block-buttons alignwide is-horizontal is-content-justification-center is-layout-flex wp-container-2\">\n<div class=\"wp-block-button\"><a class=\"wp-block-button__link has-black-color has-vivid-cyan-blue-background-color has-text-color has-background wp-element-button\" href=\"https:\/\/esnaola-caba.infd.edu.ar\/sitio\/equipo-docente\/\">VOLVER A LISTADO DE DOCENTES<\/a><\/div>\n<\/div>\n\n\n\n<p><\/p>\n","protected":false},"excerpt":{"rendered":"<p>Ariel L\u00f3pez Sald\u00edvar Naci\u00f3 en Buenos Aires, Argentina; egresado del conservatorio Juan Jos\u00e9 Castro con el t\u00edtulo de Profesor Superior de Guitarra, en la c\u00e1tedra de la maestra Irma Costanzo.Obtuvo el primer premio en el concurso Agust\u00edn Barrios, realizado en Paraguay.Ha ofrecido recitales en importantes salas de Argentina, Chile, Uruguay, Paraguay, Brasil, Costa Rica, Bahamas, &#8230; <a title=\"Ariel L\u00f3pez Sald\u00edvar\" class=\"read-more\" href=\"https:\/\/esnaola-caba.infd.edu.ar\/sitio\/ariel-lopez-saldivar\/\" aria-label=\"More on Ariel L\u00f3pez Sald\u00edvar\">[+]<\/a><\/p>\n","protected":false},"author":339,"featured_media":0,"parent":0,"menu_order":0,"comment_status":"closed","ping_status":"closed","template":"","meta":[],"acf":[],"_links":{"self":[{"href":"https:\/\/esnaola-caba.infd.edu.ar\/sitio\/wp-json\/wp\/v2\/pages\/5348"}],"collection":[{"href":"https:\/\/esnaola-caba.infd.edu.ar\/sitio\/wp-json\/wp\/v2\/pages"}],"about":[{"href":"https:\/\/esnaola-caba.infd.edu.ar\/sitio\/wp-json\/wp\/v2\/types\/page"}],"author":[{"embeddable":true,"href":"https:\/\/esnaola-caba.infd.edu.ar\/sitio\/wp-json\/wp\/v2\/users\/339"}],"replies":[{"embeddable":true,"href":"https:\/\/esnaola-caba.infd.edu.ar\/sitio\/wp-json\/wp\/v2\/comments?post=5348"}],"version-history":[{"count":3,"href":"https:\/\/esnaola-caba.infd.edu.ar\/sitio\/wp-json\/wp\/v2\/pages\/5348\/revisions"}],"predecessor-version":[{"id":5360,"href":"https:\/\/esnaola-caba.infd.edu.ar\/sitio\/wp-json\/wp\/v2\/pages\/5348\/revisions\/5360"}],"wp:attachment":[{"href":"https:\/\/esnaola-caba.infd.edu.ar\/sitio\/wp-json\/wp\/v2\/media?parent=5348"}],"curies":[{"name":"wp","href":"https:\/\/api.w.org\/{rel}","templated":true}]}}