{"id":5068,"date":"2024-09-19T20:05:16","date_gmt":"2024-09-19T23:05:16","guid":{"rendered":"https:\/\/esnaola-caba.infd.edu.ar\/sitio\/?page_id=5068"},"modified":"2024-09-19T20:05:56","modified_gmt":"2024-09-19T23:05:56","slug":"ana-carolina-perez-bergliaffa","status":"publish","type":"page","link":"https:\/\/esnaola-caba.infd.edu.ar\/sitio\/ana-carolina-perez-bergliaffa\/","title":{"rendered":"ANA CAROLINA P\u00c9REZ BERGLIAFFA"},"content":{"rendered":"\n<p><strong>Docente de M\u00fasica de C\u00e1mara<\/strong><\/p>\n\n\n\n<div class=\"wp-block-buttons is-layout-flex\">\n<div class=\"wp-block-button\"><a class=\"wp-block-button__link has-black-color has-vivid-cyan-blue-background-color has-text-color has-background wp-element-button\" href=\"https:\/\/www.facebook.com\/carolina.perezbergliaffa\/\" target=\"_blank\" rel=\"noreferrer noopener\">SITIO WEB DEL DOCENTE<\/a><\/div>\n<\/div>\n\n\n\n<div class=\"wp-block-media-text alignwide is-stacked-on-mobile\"><figure class=\"wp-block-media-text__media\"><img decoding=\"async\" loading=\"lazy\" width=\"1280\" height=\"606\" src=\"https:\/\/esnaola-caba.infd.edu.ar\/sitio\/wp-content\/uploads\/2024\/09\/Foto-Caro-1-1.jpg\" alt=\"\" class=\"wp-image-5069 size-full\" srcset=\"https:\/\/esnaola-caba.infd.edu.ar\/sitio\/wp-content\/uploads\/2024\/09\/Foto-Caro-1-1.jpg 1280w, https:\/\/esnaola-caba.infd.edu.ar\/sitio\/wp-content\/uploads\/2024\/09\/Foto-Caro-1-1-1000x473.jpg 1000w, https:\/\/esnaola-caba.infd.edu.ar\/sitio\/wp-content\/uploads\/2024\/09\/Foto-Caro-1-1-768x364.jpg 768w\" sizes=\"(max-width: 1280px) 100vw, 1280px\" \/><\/figure><div class=\"wp-block-media-text__content\">\n<p><strong>ANA CAROLINA P\u00c9REZ BERGLIAFFA<\/strong><\/p>\n\n\n\n<p>Profesora de M\u00fasica de C\u00e1mara (Universidad Nacional de La Plata) y Licenciada y Magister en interpretaci\u00f3n historicista con flautas traveseras hist\u00f3ricas (Real Conservatorio, La Haya, Pa\u00edses Bajos).<br>Ha integrado orquestas y ensambles en los Pa\u00edses Bajos, B\u00e9lgica, Francia, Espa\u00f1a, Alemania, Austria, Canad\u00e1, Brasil, Argentina y Chile con quienes realiz\u00f3 conciertos, grabaciones y transmisiones para la radio y televisi\u00f3n. Forma parte del comit\u00e9 organizador de las \u201cJornadas Internacionales de flautas hist\u00f3ricas\u201d organizadas por el DAMUS (UNA) y es integrante del proyecto de investigaci\u00f3n dirigido por Gabriel P\u00e9rsico \u201cLa flauta travesera barroca y su repertorio: Problem\u00e1ticas est\u00e9ticas de la pr\u00e1ctica de la m\u00fasica antigua en el presente\u201d (UNA). Actualmente es docente de Traverso Barroco de la Tecnicatura en M\u00fasica Barroca del Conservatorio Manuel de Falla, Maestra de Traverso\/ Especializaci\u00f3n \u00d3pera Barroca en el Instituto de Artes del Teatro Col\u00f3n (ISATC), Prof. del Taller de M\u00fasica Antigua en el Conservatorio Gilardo Gilardi de La Plata y Prof. de M\u00fasica de C\u00e1mara en la ESEAM J. P. Esnaola.<\/p>\n<\/div><\/div>\n\n\n\n<hr class=\"wp-block-separator has-css-opacity\"\/>\n\n\n\n<div class=\"wp-block-buttons alignwide is-horizontal is-content-justification-center is-layout-flex wp-container-2\">\n<div class=\"wp-block-button\"><a class=\"wp-block-button__link has-black-color has-vivid-cyan-blue-background-color has-text-color has-background wp-element-button\" href=\"https:\/\/esnaola-caba.infd.edu.ar\/sitio\/equipo-docente\/\">VOLVER A LISTADO DE DOCENTES<\/a><\/div>\n<\/div>\n\n\n\n<p><\/p>\n","protected":false},"excerpt":{"rendered":"<p>Docente de M\u00fasica de C\u00e1mara ANA CAROLINA P\u00c9REZ BERGLIAFFA Profesora de M\u00fasica de C\u00e1mara (Universidad Nacional de La Plata) y Licenciada y Magister en interpretaci\u00f3n historicista con flautas traveseras hist\u00f3ricas (Real Conservatorio, La Haya, Pa\u00edses Bajos).Ha integrado orquestas y ensambles en los Pa\u00edses Bajos, B\u00e9lgica, Francia, Espa\u00f1a, Alemania, Austria, Canad\u00e1, Brasil, Argentina y Chile con &#8230; <a title=\"ANA CAROLINA P\u00c9REZ BERGLIAFFA\" class=\"read-more\" href=\"https:\/\/esnaola-caba.infd.edu.ar\/sitio\/ana-carolina-perez-bergliaffa\/\" aria-label=\"More on ANA CAROLINA P\u00c9REZ BERGLIAFFA\">[+]<\/a><\/p>\n","protected":false},"author":339,"featured_media":0,"parent":0,"menu_order":0,"comment_status":"closed","ping_status":"closed","template":"","meta":[],"acf":[],"_links":{"self":[{"href":"https:\/\/esnaola-caba.infd.edu.ar\/sitio\/wp-json\/wp\/v2\/pages\/5068"}],"collection":[{"href":"https:\/\/esnaola-caba.infd.edu.ar\/sitio\/wp-json\/wp\/v2\/pages"}],"about":[{"href":"https:\/\/esnaola-caba.infd.edu.ar\/sitio\/wp-json\/wp\/v2\/types\/page"}],"author":[{"embeddable":true,"href":"https:\/\/esnaola-caba.infd.edu.ar\/sitio\/wp-json\/wp\/v2\/users\/339"}],"replies":[{"embeddable":true,"href":"https:\/\/esnaola-caba.infd.edu.ar\/sitio\/wp-json\/wp\/v2\/comments?post=5068"}],"version-history":[{"count":1,"href":"https:\/\/esnaola-caba.infd.edu.ar\/sitio\/wp-json\/wp\/v2\/pages\/5068\/revisions"}],"predecessor-version":[{"id":5070,"href":"https:\/\/esnaola-caba.infd.edu.ar\/sitio\/wp-json\/wp\/v2\/pages\/5068\/revisions\/5070"}],"wp:attachment":[{"href":"https:\/\/esnaola-caba.infd.edu.ar\/sitio\/wp-json\/wp\/v2\/media?parent=5068"}],"curies":[{"name":"wp","href":"https:\/\/api.w.org\/{rel}","templated":true}]}}