{"id":5028,"date":"2024-09-18T19:06:25","date_gmt":"2024-09-18T22:06:25","guid":{"rendered":"https:\/\/esnaola-caba.infd.edu.ar\/sitio\/?page_id=5028"},"modified":"2024-09-18T19:09:21","modified_gmt":"2024-09-18T22:09:21","slug":"jorge-tabares","status":"publish","type":"page","link":"https:\/\/esnaola-caba.infd.edu.ar\/sitio\/jorge-tabares\/","title":{"rendered":"JORGE TABARES"},"content":{"rendered":"\n<p><strong>TALLER DE INSTRUMENTOS AER\u00d3FONOS<br>TALLER DE INSTRUMENTOS MEMBRAN\u00d3FONOS E IDI\u00d3FONOS<\/strong><\/p>\n\n\n\n<div class=\"wp-block-media-text alignwide is-stacked-on-mobile\"><figure class=\"wp-block-media-text__media\"><img decoding=\"async\" loading=\"lazy\" width=\"1012\" height=\"1599\" src=\"https:\/\/esnaola-caba.infd.edu.ar\/sitio\/wp-content\/uploads\/2024\/09\/FOTO-JORGE.jpg\" alt=\"\" class=\"wp-image-5030 size-full\" srcset=\"https:\/\/esnaola-caba.infd.edu.ar\/sitio\/wp-content\/uploads\/2024\/09\/FOTO-JORGE.jpg 1012w, https:\/\/esnaola-caba.infd.edu.ar\/sitio\/wp-content\/uploads\/2024\/09\/FOTO-JORGE-633x1000.jpg 633w, https:\/\/esnaola-caba.infd.edu.ar\/sitio\/wp-content\/uploads\/2024\/09\/FOTO-JORGE-768x1213.jpg 768w, https:\/\/esnaola-caba.infd.edu.ar\/sitio\/wp-content\/uploads\/2024\/09\/FOTO-JORGE-972x1536.jpg 972w\" sizes=\"(max-width: 1012px) 100vw, 1012px\" \/><\/figure><div class=\"wp-block-media-text__content\">\n<p><strong>JORGE TABARES<\/strong><\/p>\n\n\n\n<ul>\n<li>Egresado del Instituto Nacional Superior del Profesorado de Folklore. 1993.<\/li>\n\n\n\n<li>Egresado del \u00c1rea Departamental Docente del Instituto Universitario Nacional del Arte.<\/li>\n\n\n\n<li>Licenciado en Folklore de la Universidad Nacional del Arte.<\/li>\n\n\n\n<li>M\u00fasico ejecutante de varios instrumentos, acompa\u00f1\u00f3 a distintas figuras de la m\u00fasica y el canto popular argentino, actuando en distintos escenarios de nuestro pa\u00eds como: Julia Elena D\u00e1valos, Adelina Villanueva, Jorge Gordillo y Coqui Sosa. Tambi\u00e9n fue parte del grupo Antigal entre los a\u00f1os 1997 y 2007.<br>Como m\u00fasico tambi\u00e9n integr\u00f3 diferentes compa\u00f1\u00edas, realizando giras por Francia, Espa\u00f1a, B\u00e9lgica, Suiza, Venezuela y Brasil: \u201cGrupo Danza Argentina\u201d, 1991-1994. \u201cUballet\u201d, 1999. \u201cBallet Criollo\u201d, 2005.<\/li>\n\n\n\n<li>Como jurado de m\u00fasica particip\u00f3 entre el 2005 y 2024 en: Torneos Juveniles Bonaerenses, Pre Baradero sub-sede Entre R\u00edos, Pre Cosqu\u00edn &#8211; sub-sedes de Lobos, Merlo, Lomas de Zamora, Ituzaing\u00f3, La Matanza y Perito Moreno (provincia de Santa Cruz).<\/li>\n\n\n\n<li>Particip\u00f3 en grabaciones de discos:<br>ANTIGAL 1998 &#8211; ENZO ESPECHE 2003 &#8211; ANTIGAL 2004 COQUI SOSA 2004 &#8211; COQUI SOSA 2006 &#8211; AGUST\u00cdN RAM\u00cdREZ 2006 \u2013 JORGE GORDILLO 2007 \u2013 FLAVIO GAUNA 2007 &#8211; ROMINA FONTANET 2008 &#8211; JORGE GORDILLO 2011 &#8211; COQUI SOSA 2011 \u2013 LA VUELTA FOLKLORICA 2013 &#8211; SERGIO BUSTOS PEREYRA 2016<\/li>\n\n\n\n<li>En el \u00e1rea docente, se desempe\u00f1a en la actualidad en distintos niveles e instituciones de ense\u00f1anza art\u00edstica:<br>* ESEA N\u00b0 1 de Luis Guill\u00f3n \u2013 Esteban Echeverr\u00eda<br>* ESEA en Danza \u201cNelly Ramicone\u201d \u2013 Nivel Medio y Terciario &#8211; CABA<br>* ESEA en Danza \u201cJorge Donn\u201d \u2013 Nivel Medio y Terciario &#8211; CABA<br>* ESEA en M\u00fasica \u201cJuan Pedro Esnaola\u201d \u2013 Nivel Terciario. CABA<br>* UNA &#8211; Universidad Nacional de las Artes \u2013 \u00c1rea de Folklore.<\/li>\n<\/ul>\n<\/div><\/div>\n\n\n\n<hr class=\"wp-block-separator has-css-opacity\"\/>\n\n\n\n<div class=\"wp-block-buttons alignwide is-horizontal is-content-justification-center is-layout-flex wp-container-1\">\n<div class=\"wp-block-button\"><a class=\"wp-block-button__link has-black-color has-vivid-cyan-blue-background-color has-text-color has-background wp-element-button\" href=\"https:\/\/esnaola-caba.infd.edu.ar\/sitio\/equipo-docente\/\">VOLVER A LISTADO DE DOCENTES<\/a><\/div>\n<\/div>\n\n\n\n<p><\/p>\n","protected":false},"excerpt":{"rendered":"<p>TALLER DE INSTRUMENTOS AER\u00d3FONOSTALLER DE INSTRUMENTOS MEMBRAN\u00d3FONOS E IDI\u00d3FONOS<\/p>\n","protected":false},"author":339,"featured_media":0,"parent":0,"menu_order":0,"comment_status":"closed","ping_status":"closed","template":"","meta":[],"acf":[],"_links":{"self":[{"href":"https:\/\/esnaola-caba.infd.edu.ar\/sitio\/wp-json\/wp\/v2\/pages\/5028"}],"collection":[{"href":"https:\/\/esnaola-caba.infd.edu.ar\/sitio\/wp-json\/wp\/v2\/pages"}],"about":[{"href":"https:\/\/esnaola-caba.infd.edu.ar\/sitio\/wp-json\/wp\/v2\/types\/page"}],"author":[{"embeddable":true,"href":"https:\/\/esnaola-caba.infd.edu.ar\/sitio\/wp-json\/wp\/v2\/users\/339"}],"replies":[{"embeddable":true,"href":"https:\/\/esnaola-caba.infd.edu.ar\/sitio\/wp-json\/wp\/v2\/comments?post=5028"}],"version-history":[{"count":2,"href":"https:\/\/esnaola-caba.infd.edu.ar\/sitio\/wp-json\/wp\/v2\/pages\/5028\/revisions"}],"predecessor-version":[{"id":5035,"href":"https:\/\/esnaola-caba.infd.edu.ar\/sitio\/wp-json\/wp\/v2\/pages\/5028\/revisions\/5035"}],"wp:attachment":[{"href":"https:\/\/esnaola-caba.infd.edu.ar\/sitio\/wp-json\/wp\/v2\/media?parent=5028"}],"curies":[{"name":"wp","href":"https:\/\/api.w.org\/{rel}","templated":true}]}}