{"id":4778,"date":"2024-05-08T20:46:11","date_gmt":"2024-05-08T23:46:11","guid":{"rendered":"https:\/\/esnaola-caba.infd.edu.ar\/sitio\/?page_id=4778"},"modified":"2024-07-30T21:46:55","modified_gmt":"2024-07-31T00:46:55","slug":"llamado-a-presentacion-de-trabajos-2024","status":"publish","type":"page","link":"https:\/\/esnaola-caba.infd.edu.ar\/sitio\/llamado-a-presentacion-de-trabajos-2024\/","title":{"rendered":"Llamado a presentaci\u00f3n de trabajos"},"content":{"rendered":"\n<p><strong>6\u00b0 ENCUENTRO SOBRE PR\u00c1CTICAS PEDAG\u00d3GICAS EN EDUCACI\u00d3N MUSICAL<\/strong><\/p>\n\n\n\n<p>23 al 27 de septiembre de 2024; Nivel Terciario, ESEAM Juan Pedro Esnaola, CABA \u2013 Argentina<\/p>\n\n\n\n<p>Los <em>Encuentros sobre Pr\u00e1cticas Pedag\u00f3gicas en Educaci\u00f3n Musical <\/em>fueron iniciados, en el marco de su 10\u00b0 aniversario, por el Nivel Terciario de la Escuela Superior de Educaci\u00f3n Art\u00edstica en M\u00fasica \u201cJuan Pedro Esnaola\u201d de la Ciudad Aut\u00f3noma de Buenos Aires en el a\u00f1o 2019.<\/p>\n\n\n\n<p>Se trata de un espacio de reflexi\u00f3n e intercambio en el que poder revisar nuestros quehaceres como educadores musicales, poner en valor nuestra identidad institucional y articular miradas entre los diversos actores del campo de la especialidad sobre distintas tem\u00e1ticas que, ya sea desde fecundas tradiciones centenarias o desafiantes planteos contempor\u00e1neos, nos interpelan en nuestra actividad art\u00edstica y pedag\u00f3gica cotidiana.<\/p>\n\n\n\n<p>Para esta sexta edici\u00f3n, llamamos a la <strong>presentaci\u00f3n de res\u00famenes de trabajos <\/strong>que, en caso de ser aprobados por los evaluadores del Comit\u00e9 Cient\u00edfico, <strong>ser\u00e1n expuestos oralmente como parte del programa del <em>EPPEM2024<\/em><\/strong><em>.<\/em> Si bien el eje tem\u00e1tico central del <em>Encuentro<\/em> ser\u00e1 formaci\u00f3n profesional de m\u00fasicas\/os, desde las m\u00e1s diversas perspectivas, se invita tambi\u00e9n a la presentaci\u00f3n de art\u00edculos sobre temas libres.<\/p>\n\n\n\n<div class=\"wp-block-buttons is-layout-flex\">\n<div class=\"wp-block-button is-style-fill\"><a class=\"wp-block-button__link has-base-3-color has-accent-background-color has-text-color has-background wp-element-button\" href=\"https:\/\/drive.google.com\/file\/d\/1DUgTC52fcdXswIWWxesc2m_fmdZ3Gcx1\/view?usp=sharing\" target=\"_blank\" rel=\"noreferrer noopener\">Llamado a presentaci\u00f3n de trabajos<\/a><\/div>\n<\/div>\n\n\n\n<div class=\"wp-block-buttons is-layout-flex\">\n<div class=\"wp-block-button is-style-fill\"><a class=\"wp-block-button__link has-base-3-color has-accent-background-color has-text-color has-background wp-element-button\" href=\"https:\/\/drive.google.com\/file\/d\/18ZlM4C9q7Kyz1f5_jfd6_fRDMS1Sc3_l\/view?usp=sharing\" target=\"_blank\" rel=\"noreferrer noopener\">Chamada para apresenta\u00e7\u00e3o de trabalhos (Portugu\u00eas)<\/a><\/div>\n<\/div>\n","protected":false},"excerpt":{"rendered":"<p>6\u00b0 ENCUENTRO SOBRE PR\u00c1CTICAS PEDAG\u00d3GICAS EN EDUCACI\u00d3N MUSICAL 23 al 27 de septiembre de 2024; Nivel Terciario, ESEAM Juan Pedro Esnaola, CABA \u2013 Argentina Los Encuentros sobre Pr\u00e1cticas Pedag\u00f3gicas en Educaci\u00f3n Musical fueron iniciados, en el marco de su 10\u00b0 aniversario, por el Nivel Terciario de la Escuela Superior de Educaci\u00f3n Art\u00edstica en M\u00fasica \u201cJuan &#8230; <a title=\"Llamado a presentaci\u00f3n de trabajos\" class=\"read-more\" href=\"https:\/\/esnaola-caba.infd.edu.ar\/sitio\/llamado-a-presentacion-de-trabajos-2024\/\" aria-label=\"More on Llamado a presentaci\u00f3n de trabajos\">[+]<\/a><\/p>\n","protected":false},"author":339,"featured_media":0,"parent":0,"menu_order":0,"comment_status":"closed","ping_status":"closed","template":"","meta":[],"acf":[],"_links":{"self":[{"href":"https:\/\/esnaola-caba.infd.edu.ar\/sitio\/wp-json\/wp\/v2\/pages\/4778"}],"collection":[{"href":"https:\/\/esnaola-caba.infd.edu.ar\/sitio\/wp-json\/wp\/v2\/pages"}],"about":[{"href":"https:\/\/esnaola-caba.infd.edu.ar\/sitio\/wp-json\/wp\/v2\/types\/page"}],"author":[{"embeddable":true,"href":"https:\/\/esnaola-caba.infd.edu.ar\/sitio\/wp-json\/wp\/v2\/users\/339"}],"replies":[{"embeddable":true,"href":"https:\/\/esnaola-caba.infd.edu.ar\/sitio\/wp-json\/wp\/v2\/comments?post=4778"}],"version-history":[{"count":6,"href":"https:\/\/esnaola-caba.infd.edu.ar\/sitio\/wp-json\/wp\/v2\/pages\/4778\/revisions"}],"predecessor-version":[{"id":4809,"href":"https:\/\/esnaola-caba.infd.edu.ar\/sitio\/wp-json\/wp\/v2\/pages\/4778\/revisions\/4809"}],"wp:attachment":[{"href":"https:\/\/esnaola-caba.infd.edu.ar\/sitio\/wp-json\/wp\/v2\/media?parent=4778"}],"curies":[{"name":"wp","href":"https:\/\/api.w.org\/{rel}","templated":true}]}}