{"id":4660,"date":"2023-11-29T20:37:34","date_gmt":"2023-11-29T23:37:34","guid":{"rendered":"https:\/\/esnaola-caba.infd.edu.ar\/sitio\/?page_id=4660"},"modified":"2024-10-01T18:48:19","modified_gmt":"2024-10-01T21:48:19","slug":"diego-ernesto-rodriguez","status":"publish","type":"page","link":"https:\/\/esnaola-caba.infd.edu.ar\/sitio\/diego-ernesto-rodriguez\/","title":{"rendered":"<strong>Diego Ernesto Rodr\u00edguez<\/strong>"},"content":{"rendered":"\n<p><strong>Docente de Pr\u00e1ctica Esc\u00e9nica<\/strong><\/p>\n\n\n\n<div class=\"wp-block-buttons is-layout-flex\">\n<div class=\"wp-block-button\"><a class=\"wp-block-button__link has-black-color has-vivid-cyan-blue-background-color has-text-color has-background wp-element-button\" href=\"https:\/\/teatrocolon.org.ar\/es\/artistas\/diego-ernesto-rodriguez\" target=\"_blank\" rel=\"noreferrer noopener\">SITIO WEB DEL DOCENTE<\/a><\/div>\n<\/div>\n\n\n\n<div class=\"wp-block-media-text alignwide is-stacked-on-mobile\"><figure class=\"wp-block-media-text__media\"><img decoding=\"async\" loading=\"lazy\" width=\"400\" height=\"400\" src=\"https:\/\/esnaola-caba.infd.edu.ar\/sitio\/wp-content\/uploads\/2023\/11\/Rodriguez-FOTO-2.jpeg\" alt=\"\" class=\"wp-image-4661 size-full\"\/><\/figure><div class=\"wp-block-media-text__content\">\n<p><strong>Diego Ernesto Rodr\u00edguez<\/strong><\/p>\n\n\n\n<p>Es actor, director, y regisseur y docente de Pr\u00e1ctica esc\u00e9nica en la escuela de m\u00fasica Juan Pedro Esnaola, nivel terciario, y en el instituto municipal de m\u00fasica de Avellaneda. Inici\u00f3 sus estudios en el a\u00f1o 1984. Se form\u00f3 con Silvina Katz, en la escuela de Alejandra Boero; Beatriz Matar, Augusto Fern\u00e1ndes y Rub\u00e9n Szuchmacher, entre otros importantes maestros del arte esc\u00e9nico, como Gast\u00f3n Breyer; en el a\u00f1o 2003 se recibe de regisseur en el Instituto Superior de Arte del Teatro Col\u00f3n. Actualmente se encuentra realizando el profesorado de teatro en el Colegio Superior de de artes del Teatro y Comunicaci\u00f3n, Andamio &#8217;90. Su obra como actor se desarrolla desde el a\u00f1o 1987, como director desde el a\u00f1o 1995, y como regisseur desde el a\u00f1o 2005.<br>En el a\u00f1o 2011, funda \u00abMachado, aqu\u00ed se miente\u00bb, una sala teatral de c\u00e1mara, y es socio fundador de la asociaci\u00f3n civil \u00abBarbados, artes esc\u00e9nicas\u00bb, la cual se ha hecho cargo de la direcci\u00f3n del teatro en el a\u00f1o 2014. Ha recibido de parte del Grupo de Estudios de Teatro Iberoam\u00e9ricanos y Argentino, GETEA, la menci\u00f3n especial a la puesta en escena de \u00abEl gran acuerdo internacional del T\u00edo Patilludo\u00bb, y con L\u00edrica Lado B recibi\u00f3 el premio est\u00edmulo otorgado por la Asociaci\u00f3n de cr\u00edticos musicales, tambi\u00e9n fue galardonado por la misma asociaci\u00f3n, por la Opera \u00abLas guerras Picrocholinas\u00bb de Antonio Tauriello, como mejor estreno nacional (2013); de la que fue regisseur. Fue su \u00faltima producci\u00f3n la puesta en escena de una adaptaci\u00f3n propia de \u00abLa Fiesta del Hierro\u00bb, de Roberto Arlt, en junio de 2023.<\/p>\n<\/div><\/div>\n\n\n\n<hr class=\"wp-block-separator has-css-opacity\"\/>\n\n\n\n<div class=\"wp-block-buttons alignwide is-horizontal is-content-justification-center is-layout-flex wp-container-2\">\n<div class=\"wp-block-button\"><a class=\"wp-block-button__link has-black-color has-vivid-cyan-blue-background-color has-text-color has-background wp-element-button\" href=\"https:\/\/esnaola-caba.infd.edu.ar\/sitio\/equipo-docente\/\">VOLVER A LISTADO DE DOCENTES<\/a><\/div>\n<\/div>\n\n\n\n<p><\/p>\n","protected":false},"excerpt":{"rendered":"<p>Docente de Pr\u00e1ctica Esc\u00e9nica Diego Ernesto Rodr\u00edguez Es actor, director, y regisseur y docente de Pr\u00e1ctica esc\u00e9nica en la escuela de m\u00fasica Juan Pedro Esnaola, nivel terciario, y en el instituto municipal de m\u00fasica de Avellaneda. Inici\u00f3 sus estudios en el a\u00f1o 1984. Se form\u00f3 con Silvina Katz, en la escuela de Alejandra Boero; Beatriz &#8230; <a title=\"Diego Ernesto Rodr\u00edguez\" class=\"read-more\" href=\"https:\/\/esnaola-caba.infd.edu.ar\/sitio\/diego-ernesto-rodriguez\/\" aria-label=\"More on Diego Ernesto Rodr\u00edguez\">[+]<\/a><\/p>\n","protected":false},"author":339,"featured_media":0,"parent":0,"menu_order":0,"comment_status":"closed","ping_status":"closed","template":"","meta":[],"acf":[],"_links":{"self":[{"href":"https:\/\/esnaola-caba.infd.edu.ar\/sitio\/wp-json\/wp\/v2\/pages\/4660"}],"collection":[{"href":"https:\/\/esnaola-caba.infd.edu.ar\/sitio\/wp-json\/wp\/v2\/pages"}],"about":[{"href":"https:\/\/esnaola-caba.infd.edu.ar\/sitio\/wp-json\/wp\/v2\/types\/page"}],"author":[{"embeddable":true,"href":"https:\/\/esnaola-caba.infd.edu.ar\/sitio\/wp-json\/wp\/v2\/users\/339"}],"replies":[{"embeddable":true,"href":"https:\/\/esnaola-caba.infd.edu.ar\/sitio\/wp-json\/wp\/v2\/comments?post=4660"}],"version-history":[{"count":2,"href":"https:\/\/esnaola-caba.infd.edu.ar\/sitio\/wp-json\/wp\/v2\/pages\/4660\/revisions"}],"predecessor-version":[{"id":5111,"href":"https:\/\/esnaola-caba.infd.edu.ar\/sitio\/wp-json\/wp\/v2\/pages\/4660\/revisions\/5111"}],"wp:attachment":[{"href":"https:\/\/esnaola-caba.infd.edu.ar\/sitio\/wp-json\/wp\/v2\/media?parent=4660"}],"curies":[{"name":"wp","href":"https:\/\/api.w.org\/{rel}","templated":true}]}}