{"id":2751,"date":"2021-12-03T18:52:11","date_gmt":"2021-12-03T21:52:11","guid":{"rendered":"https:\/\/esnaola-caba.infd.edu.ar\/sitio\/?page_id=2751"},"modified":"2024-09-17T18:50:23","modified_gmt":"2024-09-17T21:50:23","slug":"maria-laura-wirth","status":"publish","type":"page","link":"https:\/\/esnaola-caba.infd.edu.ar\/sitio\/maria-laura-wirth\/","title":{"rendered":"MAR\u00cdA LAURA WIRTH"},"content":{"rendered":"\n<p><strong>Docente de M\u00fasica de C\u00e1mara<\/strong><\/p>\n\n\n\n<div class=\"wp-block-buttons is-layout-flex\">\n<div class=\"wp-block-button\"><a class=\"wp-block-button__link has-black-color has-vivid-cyan-blue-background-color has-text-color has-background wp-element-button\" href=\"https:\/\/www.facebook.com\/marialaura.wirth\" target=\"_blank\" rel=\"noreferrer noopener\">SITIO WEB DEL DOCENTE<\/a><\/div>\n<\/div>\n\n\n\n<div class=\"wp-block-media-text alignwide is-stacked-on-mobile\"><figure class=\"wp-block-media-text__media\"><img decoding=\"async\" loading=\"lazy\" width=\"1267\" height=\"1900\" src=\"https:\/\/esnaola-caba.infd.edu.ar\/sitio\/wp-content\/uploads\/2021\/12\/Foto-MLW-2-1267x1900.jpg\" alt=\"\" class=\"wp-image-2752 size-full\" srcset=\"https:\/\/esnaola-caba.infd.edu.ar\/sitio\/wp-content\/uploads\/2021\/12\/Foto-MLW-2-1267x1900.jpg 1267w, https:\/\/esnaola-caba.infd.edu.ar\/sitio\/wp-content\/uploads\/2021\/12\/Foto-MLW-2-667x1000.jpg 667w, https:\/\/esnaola-caba.infd.edu.ar\/sitio\/wp-content\/uploads\/2021\/12\/Foto-MLW-2-768x1152.jpg 768w, https:\/\/esnaola-caba.infd.edu.ar\/sitio\/wp-content\/uploads\/2021\/12\/Foto-MLW-2-1024x1536.jpg 1024w, https:\/\/esnaola-caba.infd.edu.ar\/sitio\/wp-content\/uploads\/2021\/12\/Foto-MLW-2-1365x2048.jpg 1365w, https:\/\/esnaola-caba.infd.edu.ar\/sitio\/wp-content\/uploads\/2021\/12\/Foto-MLW-2-scaled.jpg 1707w\" sizes=\"(max-width: 1267px) 100vw, 1267px\" \/><\/figure><div class=\"wp-block-media-text__content\">\n<p><strong>Sobre Mar\u00eda Laura Wirth <\/strong><\/p>\n\n\n\n<p>Nacida en Buenos Aires, Argentina. Es egresada del Conservatorio Nacional de M\u00fasica \u00abCarlos Lo\u00b4pez Buchardo\u00bb, en donde realizo\u00b4 sus estudios de flauta dulce con Gabriel Pe\u00b4rsico y Andre\u00b4s Gerszenzon. Es asi\u00b4 tambie\u00b4n Licenciada en Artes Musicales del I.U.N.A. y Licenciada en Mu\u00b4sica de Ca\u00b4mara de la UNLa.<br>En 2008 se traslado\u00b4 a Suiza donde se perfecciono\u00b4 con los maestros Conrad Steinmann y Michael Form en flauta dulce y Evelin Noth en pedagogi\u00b4a musical, obteniendo el Bachelor de Artes en Mu\u00b4sical y el Master de Artes en Performance Musical en la Schola Cantorum Basiliensis y el Master en Pedagogi\u00b4a Musical en la Hochschule der Ku\u00a8nste Bern. En 2016 fue nominada al Premio de la Excelencia Acade\u00b4mica de la Asociacio\u00b4n KIWANIS de Berna.<br>Ha colaborado con distintos ensambles en Argentina y Europa, presenta\u00b4ndose en importantes festivales y salas de concierto.<br>En la actualidad se encuentra desarrollando paralelamente las labores docente y musical; se desempe\u00f1a como profesora de M\u00fasica de C\u00e1mara en el Conservatorio Superior de M\u00fasica Manuel de Falla y en la Escuela de M\u00fasica Juan Pedro Esnaola.<\/p>\n<\/div><\/div>\n\n\n\n<hr class=\"wp-block-separator has-css-opacity\"\/>\n\n\n\n<div class=\"wp-block-buttons alignwide is-horizontal is-content-justification-center is-layout-flex wp-container-2\">\n<div class=\"wp-block-button\"><a class=\"wp-block-button__link has-black-color has-vivid-cyan-blue-background-color has-text-color has-background wp-element-button\" href=\"https:\/\/esnaola-caba.infd.edu.ar\/sitio\/equipo-docente\/\">VOLVER A LISTADO DE DOCENTES<\/a><\/div>\n<\/div>\n\n\n\n<p><\/p>\n","protected":false},"excerpt":{"rendered":"<p>Docente de M\u00fasica de C\u00e1mara Sobre Mar\u00eda Laura Wirth Nacida en Buenos Aires, Argentina. Es egresada del Conservatorio Nacional de M\u00fasica \u00abCarlos Lo\u00b4pez Buchardo\u00bb, en donde realizo\u00b4 sus estudios de flauta dulce con Gabriel Pe\u00b4rsico y Andre\u00b4s Gerszenzon. Es asi\u00b4 tambie\u00b4n Licenciada en Artes Musicales del I.U.N.A. y Licenciada en Mu\u00b4sica de Ca\u00b4mara de la &#8230; <a title=\"MAR\u00cdA LAURA WIRTH\" class=\"read-more\" href=\"https:\/\/esnaola-caba.infd.edu.ar\/sitio\/maria-laura-wirth\/\" aria-label=\"More on MAR\u00cdA LAURA WIRTH\">[+]<\/a><\/p>\n","protected":false},"author":339,"featured_media":0,"parent":0,"menu_order":0,"comment_status":"closed","ping_status":"closed","template":"","meta":[],"acf":[],"_links":{"self":[{"href":"https:\/\/esnaola-caba.infd.edu.ar\/sitio\/wp-json\/wp\/v2\/pages\/2751"}],"collection":[{"href":"https:\/\/esnaola-caba.infd.edu.ar\/sitio\/wp-json\/wp\/v2\/pages"}],"about":[{"href":"https:\/\/esnaola-caba.infd.edu.ar\/sitio\/wp-json\/wp\/v2\/types\/page"}],"author":[{"embeddable":true,"href":"https:\/\/esnaola-caba.infd.edu.ar\/sitio\/wp-json\/wp\/v2\/users\/339"}],"replies":[{"embeddable":true,"href":"https:\/\/esnaola-caba.infd.edu.ar\/sitio\/wp-json\/wp\/v2\/comments?post=2751"}],"version-history":[{"count":2,"href":"https:\/\/esnaola-caba.infd.edu.ar\/sitio\/wp-json\/wp\/v2\/pages\/2751\/revisions"}],"predecessor-version":[{"id":5006,"href":"https:\/\/esnaola-caba.infd.edu.ar\/sitio\/wp-json\/wp\/v2\/pages\/2751\/revisions\/5006"}],"wp:attachment":[{"href":"https:\/\/esnaola-caba.infd.edu.ar\/sitio\/wp-json\/wp\/v2\/media?parent=2751"}],"curies":[{"name":"wp","href":"https:\/\/api.w.org\/{rel}","templated":true}]}}