{"id":1745,"date":"2019-10-29T19:31:26","date_gmt":"2019-10-29T22:31:26","guid":{"rendered":"https:\/\/esnaola-caba.infd.edu.ar\/sitio\/?page_id=1745"},"modified":"2019-11-12T20:04:34","modified_gmt":"2019-11-12T23:04:34","slug":"propuesta-eppem-2019","status":"publish","type":"page","link":"https:\/\/esnaola-caba.infd.edu.ar\/sitio\/propuesta-eppem-2019\/","title":{"rendered":"Propuesta EPPEM 2019"},"content":{"rendered":"<p>EPPEM 2019<\/p>\n<p>En el marco del 10\u00b0 aniversario del <strong>Nivel Terciario<\/strong> de la <strong>Escuela Superior de Educaci\u00f3n Art\u00edstica en M\u00fasica \u201cJuan Pedro Esnaola\u201d<\/strong>,\u00a0 los d\u00edas jueves 21 y viernes 22 de noviembre de 2019, entre las 14 y las 21.30 horas, organizamos el <strong>1\u00b0 <em>Encuentro sobre Pr\u00e1cticas Pedag\u00f3gicas en Educaci\u00f3n Musical<\/em><\/strong><em>, <strong>EPPEM 2019<\/strong>.<\/em> Se trata de un espacio de reuni\u00f3n e intercambio en el que poner en valor nuestro patrimonio e identidad institucional y poder dialogar, reflexionar y articular miradas sobre distintas tem\u00e1ticas en las que registramos vacancias o necesidad de revisiones metodol\u00f3gicas, junto a instituciones educativas que, a nivel jurisdiccional o nacional, comparten pr\u00e1cticas en las formaci\u00f3n de m\u00fasicos-docentes.<\/p>\n<p>Los ejes elegidos para esta edici\u00f3n del <strong><em>EPPEM<\/em><\/strong>, \u201cFormaci\u00f3n docente\u201d y \u201cDid\u00e1ctica del instrumento\u201d, proponen el despliegue, desde una amplia variedad de perspectivas, de algunas de las problem\u00e1ticas que consideramos de mayor relevancia en el quehacer de las instituciones de Educaci\u00f3n Musical. Convencidos de la importancia de abordar tanto debates te\u00f3ricos como reconsideraci\u00f3n de las pr\u00e1cticas profesionales, los invitamos a acompa\u00f1arnos en el Auditorio del Polo Educativo Saavedra (Av. Cris\u00f3logo Larralde 5085 \u2013 CABA) y participar de dos jornadas de intensa actividad que cerraremos, cada d\u00eda, compartiendo producciones musicales.<\/p>\n<p>&nbsp;<\/p>\n<p>Pueden descargar aqu\u00ed el <a href=\"https:\/\/esnaola-caba.infd.edu.ar\/aula\/archivos\/repositorio\/\/500\/608\/EPPEM_2019_Programa.pdf\" target=\"_blank\" rel=\"noopener\">programa EPPEM 2019<\/a><\/p>\n","protected":false},"excerpt":{"rendered":"<p>EPPEM 2019 En el marco del 10\u00b0 aniversario del Nivel Terciario de la Escuela Superior de Educaci\u00f3n Art\u00edstica en M\u00fasica \u201cJuan Pedro Esnaola\u201d,\u00a0 los d\u00edas jueves 21 y viernes 22 de noviembre de 2019, entre las 14 y las 21.30 horas, organizamos el 1\u00b0 Encuentro sobre Pr\u00e1cticas Pedag\u00f3gicas en Educaci\u00f3n Musical, EPPEM 2019. Se trata &#8230; <a title=\"Propuesta EPPEM 2019\" class=\"read-more\" href=\"https:\/\/esnaola-caba.infd.edu.ar\/sitio\/propuesta-eppem-2019\/\" aria-label=\"More on Propuesta EPPEM 2019\">[+]<\/a><\/p>\n","protected":false},"author":415,"featured_media":0,"parent":0,"menu_order":0,"comment_status":"closed","ping_status":"closed","template":"","meta":[],"acf":[],"_links":{"self":[{"href":"https:\/\/esnaola-caba.infd.edu.ar\/sitio\/wp-json\/wp\/v2\/pages\/1745"}],"collection":[{"href":"https:\/\/esnaola-caba.infd.edu.ar\/sitio\/wp-json\/wp\/v2\/pages"}],"about":[{"href":"https:\/\/esnaola-caba.infd.edu.ar\/sitio\/wp-json\/wp\/v2\/types\/page"}],"author":[{"embeddable":true,"href":"https:\/\/esnaola-caba.infd.edu.ar\/sitio\/wp-json\/wp\/v2\/users\/415"}],"replies":[{"embeddable":true,"href":"https:\/\/esnaola-caba.infd.edu.ar\/sitio\/wp-json\/wp\/v2\/comments?post=1745"}],"version-history":[{"count":2,"href":"https:\/\/esnaola-caba.infd.edu.ar\/sitio\/wp-json\/wp\/v2\/pages\/1745\/revisions"}],"predecessor-version":[{"id":1759,"href":"https:\/\/esnaola-caba.infd.edu.ar\/sitio\/wp-json\/wp\/v2\/pages\/1745\/revisions\/1759"}],"wp:attachment":[{"href":"https:\/\/esnaola-caba.infd.edu.ar\/sitio\/wp-json\/wp\/v2\/media?parent=1745"}],"curies":[{"name":"wp","href":"https:\/\/api.w.org\/{rel}","templated":true}]}}

<p>EPPEM 2019</p>
<p>En el marco del 10° aniversario del <strong>Nivel Terciario</strong> de la <strong>Escuela Superior de Educación Artística en Música “Juan Pedro Esnaola”</strong>,  los días jueves 21 y viernes 22 de noviembre de 2019, entre las 14 y las 21.30 horas, organizamos el <strong>1° <em>Encuentro sobre Prácticas Pedagógicas en Educación Musical</em></strong><em>, <strong>EPPEM 2019</strong>.</em> Se trata de un espacio de reunión e intercambio en el que poner en valor nuestro patrimonio e identidad institucional y poder dialogar, reflexionar y articular miradas sobre distintas temáticas en las que registramos vacancias o necesidad de revisiones metodológicas, junto a instituciones educativas que, a nivel jurisdiccional o nacional, comparten prácticas en las formación de músicos-docentes.</p>
<p>Los ejes elegidos para esta edición del <strong><em>EPPEM</em></strong>, “Formación docente” y “Didáctica del instrumento”, proponen el despliegue, desde una amplia variedad de perspectivas, de algunas de las problemáticas que consideramos de mayor relevancia en el quehacer de las instituciones de Educación Musical. Convencidos de la importancia de abordar tanto debates teóricos como reconsideración de las prácticas profesionales, los invitamos a acompañarnos en el Auditorio del Polo Educativo Saavedra (Av. Crisólogo Larralde 5085 – CABA) y participar de dos jornadas de intensa actividad que cerraremos, cada día, compartiendo producciones musicales.</p>
<p>&nbsp;</p>
<p>Pueden descargar aquí el <a href="https://esnaola-caba.infd.edu.ar/aula/archivos/repositorio//500/608/EPPEM_2019_Programa.pdf" target="_blank" rel="noopener">programa EPPEM 2019</a></p>

<p>EPPEM 2019 En el marco del 10° aniversario del Nivel Terciario de la Escuela Superior de Educación Artística en Música “Juan Pedro Esnaola”,  los días jueves 21 y viernes 22 de noviembre de 2019, entre las 14 y las 21.30 horas, organizamos el 1° Encuentro sobre Prácticas Pedagógicas en Educación Musical, EPPEM 2019. Se trata &#8230; <a title="Propuesta EPPEM 2019" class="read-more" href="https://esnaola-caba.infd.edu.ar/sitio/propuesta-eppem-2019/" aria-label="More on Propuesta EPPEM 2019">[+]</a></p>
