{"id":1094,"date":"2018-06-29T17:07:15","date_gmt":"2018-06-29T20:07:15","guid":{"rendered":"https:\/\/esnaola-caba.infd.edu.ar\/sitio\/profesorados-orientacion-en-educacion-musical\/"},"modified":"2024-08-20T19:07:11","modified_gmt":"2024-08-20T22:07:11","slug":"planes-de-estudio","status":"publish","type":"page","link":"https:\/\/esnaola-caba.infd.edu.ar\/sitio\/planes-de-estudio\/","title":{"rendered":"Planes de estudio"},"content":{"rendered":"\n<div class=\"wp-block-buttons is-layout-flex\">\n<div class=\"wp-block-button\"><a class=\"wp-block-button__link has-base-3-color has-vivid-cyan-blue-background-color has-text-color has-background wp-element-button\" href=\"https:\/\/drive.google.com\/open?id=1WI9dRs0KjFlm3rU966wMf8IhymlJYAnU&amp;authuser=ayudantia.terciarioeseam%40gmail.com&amp;usp=drive_fs\" target=\"_blank\" rel=\"noreferrer noopener\">PROFESORADOS DE M\u00daSICA ORIENTACI\u00d3N INSTRUMENTO<\/a><\/div>\n<\/div>\n\n\n\n<div class=\"wp-block-buttons is-layout-flex\">\n<div class=\"wp-block-button\"><a class=\"wp-block-button__link has-base-3-color has-vivid-cyan-blue-background-color has-text-color has-background wp-element-button\" href=\"https:\/\/drive.google.com\/open?id=1WI9dRs0KjFlm3rU966wMf8IhymlJYAnU&amp;authuser=ayudantia.terciarioeseam%40gmail.com&amp;usp=drive_fs\" target=\"_blank\" rel=\"noreferrer noopener\">PROFESORADOS DE M\u00daSICA ORIENTACI\u00d3N CANTO<\/a><\/div>\n<\/div>\n\n\n\n<div class=\"wp-block-buttons is-layout-flex\">\n<div class=\"wp-block-button\"><a class=\"wp-block-button__link has-base-3-color has-vivid-cyan-blue-background-color has-text-color has-background wp-element-button\" href=\"https:\/\/drive.google.com\/open?id=1WHmnYlKn9WqOF7WzRXENdSp-VWsLH4NT&amp;authuser=ayudantia.terciarioeseam%40gmail.com&amp;usp=drive_fs\" target=\"_blank\" rel=\"noreferrer noopener\">PROFESORADOS DE M\u00daSICA ORIENTACI\u00d3N EDUCACI\u00d3N MUSICAL<\/a><\/div>\n<\/div>\n\n\n\n<hr class=\"wp-block-separator has-css-opacity\"\/>\n\n\n\n<p><strong>Para alumnos que hayan ingresado en ciclos 2014 o anteriores (Planes de estudios Resoluci\u00f3n 7648 MEGC )<\/strong><\/p>\n\n\n\n<div class=\"wp-block-buttons is-layout-flex\">\n<div class=\"wp-block-button\"><a class=\"wp-block-button__link has-base-3-color has-vivid-cyan-blue-background-color has-text-color has-background wp-element-button\" href=\"https:\/\/drive.google.com\/open?id=1SQdyljUi7O8DxeloH7synpMij0YElCbc&amp;authuser=ayudantia.terciarioeseam%40gmail.com&amp;usp=drive_fs\" target=\"_blank\" rel=\"noreferrer noopener\">PROFESORADOS DE M\u00daSICA ORIENTACI\u00d3N INSTRUMENTO\/CANTO (PLANES 7648)<\/a><\/div>\n<\/div>\n\n\n\n<div class=\"wp-block-buttons is-layout-flex\">\n<div class=\"wp-block-button\"><a class=\"wp-block-button__link has-base-3-color has-vivid-cyan-blue-background-color has-text-color has-background wp-element-button\" href=\"https:\/\/drive.google.com\/open?id=1SRYnKd6EPl3O4QozVHHGkX9qX-BdeYLT&amp;authuser=ayudantia.terciarioeseam%40gmail.com&amp;usp=drive_fs\" target=\"_blank\" rel=\"noreferrer noopener\">PROFESORADOS DE M\u00daSICA ORIENTACI\u00d3N EDUCACI\u00d3N MUSICAL (PLANES 7648)<\/a><\/div>\n<\/div>\n\n\n\n<p><\/p>\n","protected":false},"excerpt":{"rendered":"<p>Para alumnos que hayan ingresado en ciclos 2014 o anteriores (Planes de estudios Resoluci\u00f3n 7648 MEGC )<\/p>\n","protected":false},"author":354,"featured_media":0,"parent":0,"menu_order":0,"comment_status":"closed","ping_status":"closed","template":"","meta":[],"acf":[],"_links":{"self":[{"href":"https:\/\/esnaola-caba.infd.edu.ar\/sitio\/wp-json\/wp\/v2\/pages\/1094"}],"collection":[{"href":"https:\/\/esnaola-caba.infd.edu.ar\/sitio\/wp-json\/wp\/v2\/pages"}],"about":[{"href":"https:\/\/esnaola-caba.infd.edu.ar\/sitio\/wp-json\/wp\/v2\/types\/page"}],"author":[{"embeddable":true,"href":"https:\/\/esnaola-caba.infd.edu.ar\/sitio\/wp-json\/wp\/v2\/users\/354"}],"replies":[{"embeddable":true,"href":"https:\/\/esnaola-caba.infd.edu.ar\/sitio\/wp-json\/wp\/v2\/comments?post=1094"}],"version-history":[{"count":14,"href":"https:\/\/esnaola-caba.infd.edu.ar\/sitio\/wp-json\/wp\/v2\/pages\/1094\/revisions"}],"predecessor-version":[{"id":4930,"href":"https:\/\/esnaola-caba.infd.edu.ar\/sitio\/wp-json\/wp\/v2\/pages\/1094\/revisions\/4930"}],"wp:attachment":[{"href":"https:\/\/esnaola-caba.infd.edu.ar\/sitio\/wp-json\/wp\/v2\/media?parent=1094"}],"curies":[{"name":"wp","href":"https:\/\/api.w.org\/{rel}","templated":true}]}}