{"id":1051,"date":"2018-06-29T17:07:00","date_gmt":"2018-06-29T20:07:00","guid":{"rendered":"https:\/\/esnaola-caba.infd.edu.ar\/sitio\/preguntas-frecuentes\/"},"modified":"2025-11-11T19:20:27","modified_gmt":"2025-11-11T22:20:27","slug":"preguntas-frecuentes","status":"publish","type":"page","link":"https:\/\/esnaola-caba.infd.edu.ar\/sitio\/preguntas-frecuentes\/","title":{"rendered":"Preguntas frecuentes"},"content":{"rendered":"<p><img decoding=\"async\" style=\"display: block; margin-left: auto; margin-right: auto;\" title=\"Nuevo logo 140 - Juan Pedro Esnaola\" src=\"https:\/\/esnaola-caba.infd.edu.ar\/sitio\/wp-content\/uploads\/2018\/06\/NUEVO_LOG2_140_1.jpg\" alt=\"Nuevo logo 140 - Juan Pedro Esnaola\" border=\"0\" \/><\/p>\n<p style=\"text-align: center;\"><strong><span style=\"text-decoration: underline;\">\u00a0<\/span><\/strong><\/p>\n<p><strong>\u00bfQu\u00e9 es el Profesorado Superior de M\u00fasica Juan Pedro Esnaola? \u00bfCu\u00e1l es la relaci\u00f3n con la Escuela Superior de M\u00fasica Juan Pedro Esnaola?<\/strong><br \/>\nEl Profesorado Superior de M\u00fasica Juan Pedro Esnaola, es un profesorado de m\u00fasica de nivel superior no universitario. Constituye el nivel terciario de la Escuela Superior de Educaci\u00f3n Art\u00edstica en M\u00fasica Juan Pedro Esnaola (ESEAM J.P. Esnaola). Es decir, a este nivel superior, se ingresa luego de haber aprobado estudios musicales de nivel medio.<\/p>\n<p><strong>En la ESEAM J. P. Esnaola, \u00bfpuedo cursar tambi\u00e9n estudios musicales de nivel medio?<\/strong><br \/>\nS\u00ed, la ESEAM J. P. Esnaola, adem\u00e1s de poseer un Profesorado de nivel superior (o terciario), posee tambi\u00e9n un nivel medio, que funciona tanto para adultos, como para adolescentes. El ingreso a este nivel medio, no requiere estudios musicales previos.<br \/>\n\u00c9ste es su sitio web: <a href=\"http:\/\/escuelademusicajpesnaola.blogspot.com.ar\/\" target=\"_blank\" rel=\"noopener\">http:\/\/escuelademusicajpesnaola.blogspot.com.ar\/<\/a><\/p>\n<p><strong>La ESEAM J. P. Esnaola, \u00bfes un establecimiento p\u00fablico?\u00a0\u00a0\u00a0\u00a0 <\/strong><br \/>\nS\u00ed, es un establecimiento de gesti\u00f3n p\u00fablica, por lo tanto no arancelado, que depende de la Direcci\u00f3n de Educaci\u00f3n Art\u00edstica del Ministerio de Educaci\u00f3n del Gobierno de la Ciudad Aut\u00f3noma de Buenos Aires.<\/p>\n<p><strong>\u00bfExiste alg\u00fan tipo de arancel?<\/strong><br \/>\nNo existe arancel. Pero se solicita el pago de un bono, en concepto de Cooperadora. El mismo, puede realizarse en uno o varios pagos. Su costo, se informa previo a la matriculaci\u00f3n en cada ciclo lectivo.<\/p>\n<p><strong>\u00bfEn d\u00f3nde se encuentra, y en qu\u00e9 horarios funciona?\u00a0\u00a0\u00a0\u00a0\u00a0\u00a0 <\/strong><br \/>\nSu direcci\u00f3n es Av. Cris\u00f3logo Larralde 5085, barrio de Saavedra (C.A.B.A.). Funciona de lunes a viernes, en el horario de 18:50 a 22:50 hs.<\/p>\n<p><strong>\u00bfQu\u00e9 carreras pueden cursarse?<\/strong><br \/>\nPueden cursarse las siguientes carreras:<\/p>\n<ul type=\"disc\">\n<li>Profesorado de M\u00fasica con Orientaci\u00f3n en Instrumento (4 a\u00f1os)<\/li>\n<li>Profesorado de M\u00fasica con Orientaci\u00f3n en Canto (4 a\u00f1os)<\/li>\n<li>Profesorado de M\u00fasica con Orientaci\u00f3n en Educaci\u00f3n Musical (4 a\u00f1os)<\/li>\n<\/ul>\n<p><strong>Los t\u00edtulos que otorga, \u00bfson oficiales?<\/strong><br \/>\nS\u00ed, son t\u00edtulos expedidos por la Ministerio de Educaci\u00f3n de la Ciudad de Bs. As., de validez nacional. Pueden consultarse los n\u00fameros de resoluci\u00f3n en la secci\u00f3n: <a href=\"https:\/\/esnaola-caba.infd.edu.ar\/sitio\/n-de-resolucion\/\" target=\"_blank\" rel=\"noopener\">\u00abN\u00b0 de Resoluci\u00f3n\u00bb.\u00a0<\/a><\/p>\n<p><strong>\u00bfCu\u00e1les son las diferencias entre el Profesorado en Instrumento\/Canto, y el Profesorado en Educaci\u00f3n Musical?<\/strong><br \/>\nLa propuesta curricular del Nivel Terciario de ESEAM J. P. Esnaola, pone \u00e9nfasis, ya sea en la pedagog\u00eda musical o en la ense\u00f1anza del instrumento, por lo que cada una de las orientaciones propone pr\u00e1cticas diferenciadas en virtud de la futura pr\u00e1ctica profesional del egresado. Por ejemplo:<br \/>\n<strong>*<\/strong> Las c\u00e1tedras de Instrumento presentan diferencias de carga horaria de acuerdo al plan de estudios de las respectivas orientaciones.<br \/>\n<strong>*<\/strong> En Educaci\u00f3n Musical hay espacios para que los alumnos desarrollen conocimientos acerca de las posibilidades de ejecuci\u00f3n\/interpretaci\u00f3n y creaci\u00f3n de una variada gama de instrumentos en instancias grupales, enfoque que contempla tanto al folclore como al tango.<br \/>\n<strong>*<\/strong> La Orientaci\u00f3n en Instrumento plantea en Elementos T\u00e9cnicos el an\u00e1lisis de aquellas obras que forman parte del repertorio en estudio en los espacios de Instrumento y M\u00fasica de c\u00e1mara, y el Taller de Grabaci\u00f3n y Edici\u00f3n de Sonido propone una aproximaci\u00f3n a las herramientas de audio digital y anal\u00f3gico disponibles en funci\u00f3n de la aplicaci\u00f3n que puede darle el instrumentista o el cantante.<br \/>\nPueden consultarse los planes de estudio de todas las carreras en: <a href=\"https:\/\/esnaola-caba.infd.edu.ar\/sitio\/planes-de-estudio\/\" target=\"_blank\" rel=\"noopener\">\u201cPlanes de Estudio\u201d<\/a><\/p>\n<p><strong>\u00bfQu\u00e9 instrumentos puedo estudiar? <\/strong><br \/>\nTanto en el Profesorado de Instrumento, como en el de Educaci\u00f3n Musical, pueden estudiarse los siguientes instrumentos: Canto, Clarinete, Contrabajo, Flauta Dulce, Flauta Traversa, Guitarra, Percusi\u00f3n, Piano, Bandone\u00f3n, Saxof\u00f3n, Trompeta, Tromb\u00f3n, Trompa, Viol\u00edn, Viola, Violoncello.<\/p>\n<p><strong>\u00bfPuedo estudiar m\u00e1s de un instrumento?<\/strong><br \/>\nS\u00ed, puede estudiarse m\u00e1s de un instrumento.<\/p>\n<p><strong>\u00bfQu\u00e9 docentes trabajan en la instituci\u00f3n?<\/strong><br \/>\nEl profesorado Esnaola cuenta con un plantel docente de excelencia.<br \/>\nHan desarrollado importantes carreras en el \u00e1mbito musical, lo que llev\u00f3 a varios de ellos a integrar los m\u00e1s importantes organismos a nivel nacional <em>(Orquesta Sinf\u00f3nica Nacional, Orquesta Filarm\u00f3nica de Bs.As.,\u00a0Orquesta Estable del Teatro Col\u00f3n, Camerata Bariloche, importantes orquestas del interior, organismos municipales, etc.).<\/em><br \/>\nAsimismo, algunos se han presentado junto a importantes y reconocidas orquestas del exterior <em>(Filarm\u00f3nica de Berl\u00edn, importantes orquestas en Ee.Uu., Jap\u00f3n, Canad\u00e1, Europa, etc.). Adem\u00e1s, varios integran importantes agrupaciones de m\u00fasica popular (Orquesta Juan de Dios Filiberto, Orquesta de Leopoldo Federico, etc.)<\/em><br \/>\nAlgunos de ellos, adem\u00e1s, en calidad de m\u00fasico sesionista, trabajan para los m\u00e1s importantes solistas y grupos de m\u00fasica popular de nuestro medio, y tambi\u00e9n del exterior.<br \/>\nAdem\u00e1s, han desarrollado una intensa actividad docente, en diversas y muy reconocidas instituciones.<br \/>\nPuede consultarse el listado de docentes que trabajan en el Profesorado en: <a href=\"https:\/\/esnaola-caba.infd.edu.ar\/sitio\/equipo-docente\/\" target=\"_blank\" rel=\"noopener\">\u00abEquipo Docente\u00bb<\/a>.<\/p>\n<p><strong>\u00bfCu\u00e1les son los requisitos de ingreso?<\/strong><br \/>\nPara ingresar, se requieren:<\/p>\n<ul>\n<li>estudios secundarios completos;<\/li>\n<li>estudios musicales de nivel medio completos<\/li>\n<\/ul>\n<p>En caso de no tener estudios musicales de nivel medio completos, puede darse una audici\u00f3n de ingreso, que acredite el nivel requerido en Instrumento y Lenguaje Musical.<br \/>\nM\u00e1s detalles en: <a href=\"https:\/\/esnaola-caba.infd.edu.ar\/sitio\/requisitos-documentacion-a-presentar\/\" target=\"_blank\" rel=\"noopener\">\u00abRequisitos \/ Documentaci\u00f3n a presentar\u00bb<\/a>.<\/p>\n<p><strong>Entonces, si tengo conocimientos musicales, pero no realic\u00e9 (o no tengo acreditados) estudios formales, \u00bfpuedo ingresar al Profesorado?\u00a0\u00a0\u00a0\u00a0\u00a0\u00a0\u00a0 <\/strong><br \/>\nPara hacerlo, deber\u00e1n rendirse audiciones de ingreso, una de Lenguaje Musical, y otra de Instrumento\/Canto.<\/p>\n<p><strong>\u00bfExiste alg\u00fan tipo de curso de ingreso?<\/strong><br \/>\nNo, no existe curso de ingreso. Las opciones para ingresar son tener acreditado nivel medio art\u00edstico, o dar las audiciones de ingreso.<\/p>\n<p><strong>En el caso de dar audici\u00f3n de ingreso para entrar, \u00bfqu\u00e9 es lo que se toma?<\/strong><br \/>\nPueden consultarse los programa para las audiciones de ingreso en: <a href=\"https:\/\/esnaola-caba.infd.edu.ar\/sitio\/audiciones-de-ingreso\/\" target=\"_blank\" rel=\"noopener\">\u00abAudiciones de Ingreso\u00bb<\/a>.<\/p>\n<p><strong>Si adeudo materias del secundario, \u00bfpuedo ingresar?<\/strong><br \/>\nEs posible ingresar adeudando hasta 2 materias del colegio secundario. Dicho ingreso, ser\u00e1 en calidad de Condicional.<br \/>\nAcerca de esto:<br \/>\n* Las materias adeudadas del secundario, deben encontrarse aprobadas, a m\u00e1s tardar, en Junio del a\u00f1o en que comience a cursarse.<br \/>\nSobre las materias a las cuales se permite matricularse, encontr\u00e1ndose en calidad de Condicional:<br \/>\n* Se permite la matriculaci\u00f3n a materias anuales. Debe tenerse en cuenta de que, para el caso de que las materias adeudadas del secundario no sean rendidas, la cursada no podr\u00e1 acreditarse, y la misma se perder\u00e1.<br \/>\n* No se permite la matriculaci\u00f3n a materias cuatrimestrales.<\/p>\n<p><strong>\u00bfQu\u00e9 documentaci\u00f3n necesito presentar para ingresar?<\/strong><br \/>\nLa documentaci\u00f3n requerida, puede consultarse en la secci\u00f3n: <a href=\"https:\/\/esnaola-caba.infd.edu.ar\/sitio\/requisitos-documentacion-a-presentar\/\" target=\"_blank\" rel=\"noopener\">\u00abRequisitos \/ Documentaci\u00f3n a presentar\u00bb<\/a>.<\/p>\n<p><strong>Una vez recibido, \u00bfqu\u00e9 salida laboral tengo?<\/strong><br \/>\nEl Nivel Terciario de ESEAM J.P. Esnaola, brinda una solvente formaci\u00f3n, que permite desempe\u00f1arse a nivel profesional en el \u00e1mbito de la m\u00fasica, como int\u00e9rprete en distintas \u00e1reas, y tambi\u00e9n dentro de la educaci\u00f3n musical.<br \/>\nEl profesorado en Instrumento, habilita para la ense\u00f1anza en instituciones oficiales, de niveles inicial, primario, secundario, educaci\u00f3n especial, y nivel medio en instituciones de formaci\u00f3n musical.<br \/>\nEl profesorado en Educaci\u00f3n Musical, a su vez, habilita para niveles inicial, primario, secundario, y educaci\u00f3n especial.<\/p>\n<p><strong>\u00bfFunciona alg\u00fan tipo de sistema de becas o pasant\u00edas para los alumnos de la instituci\u00f3n?<\/strong><br \/>\nS\u00ed. Existe un sistema de becas, que otorga el Gobierno de la Ciudad de Buenos, denominadas \u00abBecas para Estudios de Educaci\u00f3n Superior\u00bb.<br \/>\nTambi\u00e9n, nuestra instituci\u00f3n participa del Programa\u00a0 \u00abAprender trabajando\u00bb, aprobado por decreto N\u00ba 266\/03 del GCBA. El mismo brinda a los alumnos la posibilidad de realizar Pr\u00e1cticas Educativo-Laborales, las que se llevan a cabo mediante el proyecto \u00abDifundiendo Nuestra M\u00fasica, Despertando Vocaciones. Conciertos Did\u00e1cticos\u00bb<\/p>\n<p><strong>\u00bfCu\u00e1ndo son las fechas de inscripci\u00f3n?<\/strong><br \/>\nSe realiza la inscripci\u00f3n hacia el final de cada ciclo lectivo (aproximadamente desde Octubre), para ingresar al a\u00f1o siguiente.<br \/>\nLas fechas pueden consultarse en <a href=\"https:\/\/esnaola-caba.infd.edu.ar\/sitio\/cronograma-de-inscripcion\/\" target=\"_blank\" rel=\"noopener\">\u00abCronograma de Inscripci\u00f3n\u00bb<\/a>.<\/p>\n<p><strong>Las materias, \u00bfson anuales, o cuatrimestrales?\u00a0\u00a0\u00a0\u00a0\u00a0\u00a0\u00a0 <\/strong><br \/>\nMayormente, son de car\u00e1cter anual, pero tambi\u00e9n hay algunas cuatrimestrales.<br \/>\nPuede consultarse esta informaci\u00f3n, en la secci\u00f3n <a href=\"https:\/\/esnaola-caba.infd.edu.ar\/sitio\/planes-de-estudio\/\" target=\"_blank\" rel=\"noopener\">\u201cPlanes de estudio\u201d<\/a>.<\/p>\n<p><strong>\u00bfEstoy obligado\/a a cursar todas las materias que corresponden al a\u00f1o, seg\u00fan el plan de estudios? <\/strong><br \/>\nNo, pero cada a\u00f1o deben cursarse al menos una materia, para mantener la regularidad.<\/p>\n<p><strong>Las materias, \u00bfse pueden dar libres?\u00a0\u00a0<\/strong><br \/>\nS\u00ed, existe la posibilidad de dar materias libres, salvo en el caso de las materias \u201cTaller 1\u201d al \u00abTaller 8\u00bb. Las condiciones para dar libre, deben ser consultadas por intermedio de la Direcci\u00f3n, con el docente de la materia.<\/p>\n<p><strong>Las materias, \u00bfse pueden cursarse en forma virtual?<\/strong><br \/>\nAlgunas materias cuentan con c\u00e1tedras que permiten cursar con modalidad de cursada virtual, y otras en modalidad semipresencial, a trav\u00e9s del campus de nuestra instituci\u00f3n.<\/p>\n<p><strong>\u00bfSe aceptan, por equivalencias, materias rendidas en otras instituciones?\u00a0\u00a0\u00a0\u00a0\u00a0\u00a0 <\/strong><br \/>\nPueden otorgarse materias rendidas por equivalencia en otras instituciones oficiales de la rama art\u00edstica, de nivel superior. En este caso, resulta necesario analizar cada caso en particular. La cantidad m\u00e1xima de materias que pueden aceptarse por equivalencia, es el 35% de la carrera.<\/p>\n","protected":false},"excerpt":{"rendered":"<p>\u00a0 \u00bfQu\u00e9 es el Profesorado Superior de M\u00fasica Juan Pedro Esnaola? \u00bfCu\u00e1l es la relaci\u00f3n con la Escuela Superior de M\u00fasica Juan Pedro Esnaola? El Profesorado Superior de M\u00fasica Juan Pedro Esnaola, es un profesorado de m\u00fasica de nivel superior no universitario. Constituye el nivel terciario de la Escuela Superior de Educaci\u00f3n Art\u00edstica en M\u00fasica &#8230; <a title=\"Preguntas frecuentes\" class=\"read-more\" href=\"https:\/\/esnaola-caba.infd.edu.ar\/sitio\/preguntas-frecuentes\/\" aria-label=\"More on Preguntas frecuentes\">[+]<\/a><\/p>\n","protected":false},"author":354,"featured_media":0,"parent":0,"menu_order":0,"comment_status":"closed","ping_status":"closed","template":"","meta":[],"acf":[],"_links":{"self":[{"href":"https:\/\/esnaola-caba.infd.edu.ar\/sitio\/wp-json\/wp\/v2\/pages\/1051"}],"collection":[{"href":"https:\/\/esnaola-caba.infd.edu.ar\/sitio\/wp-json\/wp\/v2\/pages"}],"about":[{"href":"https:\/\/esnaola-caba.infd.edu.ar\/sitio\/wp-json\/wp\/v2\/types\/page"}],"author":[{"embeddable":true,"href":"https:\/\/esnaola-caba.infd.edu.ar\/sitio\/wp-json\/wp\/v2\/users\/354"}],"replies":[{"embeddable":true,"href":"https:\/\/esnaola-caba.infd.edu.ar\/sitio\/wp-json\/wp\/v2\/comments?post=1051"}],"version-history":[{"count":21,"href":"https:\/\/esnaola-caba.infd.edu.ar\/sitio\/wp-json\/wp\/v2\/pages\/1051\/revisions"}],"predecessor-version":[{"id":5346,"href":"https:\/\/esnaola-caba.infd.edu.ar\/sitio\/wp-json\/wp\/v2\/pages\/1051\/revisions\/5346"}],"wp:attachment":[{"href":"https:\/\/esnaola-caba.infd.edu.ar\/sitio\/wp-json\/wp\/v2\/media?parent=1051"}],"curies":[{"name":"wp","href":"https:\/\/api.w.org\/{rel}","templated":true}]}}